o(5). Calculate q(z).
-15
Suppose -2 = z + 2*q, 1 = -3*z - 35*q + 34*q. Suppose 3*g + 3 = k, 2*g - k = -z*k - 3. Let y(c) = -c + 7. Determine y(g).
7
Let j = 9 - 7. Let v = j - -1. Let o(x) = -5*x**3 + 17*x**2 - 3*x + 8. Let f(k) = 4*k**3 - 14*k**2 + 2*k - 6. Let i(u) = -6*f(u) - 5*o(u). Calculate i(v).
23
Let d(x) = -9*x - 8. Let q(k) = 11*k - 78 - 66 + 152. Let y(f) = -5*d(f) - 4*q(f). Let u be 38/(-5) + 12/20. Calculate y(u).
1
Let n(x) = -38*x + 23. Let r(q) = 38*q - 16. Let l(g) = 3*n(g) + 4*r(g). Give l(-2).
-71
Let a(c) = c**2 - 6*c - 7. Suppose -2*u + m = -73 + 77, -4*m = -4*u. Determine a(u).
33
Let l(f) = -2*f**2 + 16*f + 1. Let j(i) = 8*i**2 - 60*i - 2. Let g(r) = -5*j(r) - 19*l(r). Give g(-7).
-79
Let q(o) be the third derivative of -o**5/10 - o**4/12 - o**3/6 - 28*o**2. Let p = -290 + 167. Let f = p + 122. Calculate q(f).
-5
Let n(o) = -o + 5. Let h = -71 + 117. Suppose 54*b - 80 = h*b. Determine n(b).
-5
Let p(j) = -9*j + 1. Let n(y) = 26*y - 4. Let v be (-6)/(1/1)*(3 + -2). Let c(a) = v*n(a) - 17*p(a). What is c(6)?
-11
Let v(f) = 9*f - 105. Let g(j) = -17*j + 176. Let o(h) = -3*g(h) - 5*v(h). Give o(4).
21
Let j(t) = -2*t + 13. Suppose -17*w - 10850 = 8*w. Let v = w - -444. Determine j(v).
-7
Let i(x) = 71*x + 16. Let q(t) = 76*t + 18. Let h(g) = -11*i(g) + 10*q(g). Give h(-4).
88
Suppose -22*o + 958 = -5818. Let i be (1/4)/((-11)/o). Let z(d) = -d**3 - 7*d**2 - d - 10. Calculate z(i).
-3
Let l(c) = -1 + 0 + 5*c - 57*c - 39 - 20. Let x(j) = 10*j + 12. Let q(o) = 3*l(o) + 16*x(o). Calculate q(-9).
-24
Let g(m) = 4*m**2 + m - 1. Suppose 0 = 43*q - 45*q. Suppose -10*p - 111 + 121 = q. Give g(p).
4
Let g(a) = a**2 + 10*a + 6. Let v(p) = -19*p + 17*p**2 + 10*p**3 + 35 - 14*p - 11*p**3 - 12*p. Let n be v(14). Let b be 68/(-7) - (-2)/n. Determine g(b).
6
Let j(s) = 16*s + 252. Let c(z) = -210*z + 2295. Let w be c(11). Calculate j(w).
12
Let g(y) be the first derivative of -y**2/2 - 4*y + 7. Let o(n) = n**3 - 4*n**2 - 32*n - 6. Let m = 133 + -125. Let j be o(m). Calculate g(j).
2
Let u(l) be the second derivative of 17*l**3/2 - 3*l**2/2 + 79*l + 5. Give u(1).
48
Let i(r) = r + 2. Let s(g) = g**2 - 15*g + 48. Let z be s(11). Let f be 3*(1 - z/(-12)). Determine i(f).
6
Let i(j) be the first derivative of -j**4/4 + 4*j**3/3 + j**2 - 21*j + 2250. Determine i(0).
-21
Let g(h) = h**3 + 9*h**2 + 13*h - 10. Let u be g(-7). Let z be -9 + 4 + (-4 - u). Let q(f) = f**3 + 7*f**2 + 2*f + 5. What is q(z)?
29
Let b(i) = -i**3 - i**2 + 2. Let j be 27/15 - 20/(-100). Suppose -6*l + 9*l - 1 = j*h, 0 = 4*h + 3*l + 11. Calculate b(h).
6
Let o be 7*(2 - (-12)/(-21)). Let d be ((-56)/o + 2)/((-5)/25). Let q be 0 + (-9)/(d/8). Let x(n) = -n**3 - 4*n**2 - n - 1. Give x(q).
3
Let c(b) be the third derivative of -b**5/30 + 3*b**4/4 - 5*b**3 + 103*b**2 - 6*b. What is c(7)?
-2
Let o(w) = w**3 + 3*w**2 - 2. Let x(j) = j**2 + 11*j + 16. Let q be (4/5)/((-8)/(-540)). Suppose 6*f = 12*f + q. Let a be x(f). What is o(a)?
2
Let l(v) be the first derivative of 5/3*v**3 + 0*v - 28 + 0*v**2. What is l(-1)?
5
Let c(i) = -i**2 - 17*i - 45. Let q = 840 + -853. Determine c(q).
7
Let i(a) be the first derivative of -a**5/20 - 5*a**4/12 + a**3 - a**2/2 - 26*a - 8. Let j(g) be the first derivative of i(g). What is j(-6)?
-1
Let s(w) = -w - 1. Let z(p) = -6*p - 5. Suppose -2*v + 0 = -8. Suppose -3*t - v = -6*t + h, -4 = -5*t - h. Let b(d) = t*z(d) - 5*s(d). Calculate b(-4).
4
Let b(r) = -r**3 + 1. Suppose 4*c + 5*d = -0*c - 49, -c - 1 = -d. Let m = 6 + c. Let u be (10 + -10)/(-1*2) - m. Calculate b(u).
1
Let d(r) = r**2 + r - 1. Let j(i) = 3*i**2 - 6*i - 6. Let q(c) = d(c) - j(c). Let n = -1414 - -1419. Calculate q(n).
-10
Suppose -2*r + 6*r - 4*z - 176 = 0, z = -3*r + 124. Suppose 4*j - 10*j + r = 0. Let o(i) = -10 + 4*i**2 + i - i**2 + j + 2. Determine o(-2).
9
Let m be 6 - 7/((-28)/(-16)). Let r be 6/(-3) - (-8 - 0). Let a(z) = -2*z**2 + r*z**2 - z - 1 + 0*z + m*z. Determine a(1).
4
Let i(c) be the first derivative of 16 - 5/3*c**3 - 1/2*c**2 - 7*c - 1/4*c**4. Let y(w) = -w - 1. Let q be y(4). Calculate i(q).
-2
Let b(q) = 1 - 3*q**2 + 5*q - 3*q**2 + 2*q**2 + 6*q**2. Let d(v) = -v**2 - v - 1. Let p(s) = b(s) + 3*d(s). Let x(h) = h - 19. Let a be x(22). Calculate p(a).
-5
Let z(g) = g + 5. Let p = -289 + 294. Suppose -p*v - 8*a + 70 = -7*a, 3*a = 2*v - 45. Give z(v).
20
Let g(m) = m**3 + 4*m**2 + 2*m - 4. Let i = 610 - 596. Suppose -9 - 2 = -o. Let l = o - i. Calculate g(l).
-1
Suppose -4*i + 20 = -4. Suppose i*q - 12 = -0. Suppose -t + 2*p = -5*t + 8, q*p = -2*t. Let x(d) = -3*d + 6. Calculate x(t).
-6
Let y(d) = -2*d**3 - 17*d**2 + 46*d - 27. Let h(u) = u**3 + 9*u**2 - 26*u + 13. Let b(r) = -7*h(r) - 4*y(r). Calculate b(-6).
-7
Let y(c) = -31*c + 60. Let d(h) = 20*h - 39. Let v(x) = -8*d(x) - 5*y(x). Give v(6).
-18
Let d(l) be the second derivative of 7*l**3/6 - 72*l**2 - 35*l + 59. What is d(21)?
3
Suppose 0 = -c - 3*c - 12, 2*c = 3*q - 30. Suppose -q = -4*j + 2*j. Let v(y) = -4 + j*y - 3*y + 5 - 4. What is v(3)?
0
Let i(t) = -7*t**2 + 147*t + 259. Let d(k) = 8*k**2 - 171*k - 303. Let y(p) = 13*d(p) + 15*i(p). Calculate y(-14).
2
Let z(r) be the third derivative of -r**7/1008 - r**6/144 - r**5/60 - 10*r**3 - 117*r**2. Let s(h) be the third derivative of z(h). Determine s(-4).
15
Suppose h + 41*h - 391 = -391. Let j(v) = 4*v - 11. Let u(w) = 5*w - 11. Let m(r) = -6*j(r) + 5*u(r). Determine m(h).
11
Let l = 4923 + -4904. Let z(v) = 2*v**3 - 38*v**2 + v - 22. Determine z(l).
-3
Let d(m) = 14*m + 6 - 4 - 4*m. Suppose 4*b = 4, -2*q + 18942*b - 18940*b = 4. Calculate d(q).
-8
Let m(k) = -k**3 - 21*k**2 + 48*k + 29. Suppose 247*a = -49*a - 6808. Determine m(a).
-17
Let j(p) be the first derivative of -5*p**4/4 + p**3/3 - p**2/2 + p - 1. Let r be ((-42)/10)/(489/(-815)) + -6. Calculate j(r).
-4
Let a(t) = 19*t + 23. Let d(q) = 9*q + 10. Let p(z) = -3*a(z) + 7*d(z). Suppose -2*k - 53 = -51. Give p(k).
-5
Let h be 11 - (-4 - -6)/(-1). Let t = h + -19. Let p be ((t - 0)/(-1))/(8/4). Let z(u) = -5*u + 4. Determine z(p).
-11
Let w(j) be the second derivative of -j**4/6 + j**3/6 + 2*j**2 + j. Let x be ((-9945)/26)/85 - 15/(-2). Calculate w(x).
-11
Suppose 0 = -j - 2*o - 2, -2*j - 2*o + 3 - 9 = 0. Let k = -421 + 423. Let a(d) = -14*d + 0 - k + 2*d**2 + 27*d + 3 - 8*d. Determine a(j).
13
Let w = 183 - 166. Let b be (-230)/12 - w/(-102). Let n(v) = v + 9. Determine n(b).
-10
Suppose -2*m - 5*o - 61 = 0, 15*o - 14*o = 4*m + 67. Let s = 24 + m. Let k(r) = r**2 - 6*r - 6. Determine k(s).
-6
Let y(p) = -57*p + 4338. Let l be y(76). Let i(o) = 7*o - 31. Calculate i(l).
11
Let t(a) = 78*a + 3*a**2 - 129*a - a**2 + 57*a + 18 - 4*a**2. Determine t(7).
-38
Let s(p) = -p + 25. Let l be s(14). Let x = l - 11. Let z(i) = 4 + 0*i - 29 - i + 10. Give z(x).
-15
Let k(s) = 17 - 3*s + 8 + 13 + 10 - 55. Determine k(4).
-19
Suppose -q = -y + 3, 19*y - 5 = 20*y - 5*q. Let i(s) = s**2 - 31. Determine i(y).
-6
Let x(a) = -2 - 6*a - 7*a**2 + 8*a + 2*a**3 - 5*a**2 + 9*a**2. Give x(3).
31
Let j(f) = -7 + f - 9*f - 11*f + 1 - f**3 - 11*f**2. Let v be j(-9). Let x(o) = 1 - 3 - o**2 - o + 2*o**2 - 2. What is x(v)?
2
Let s = 112 + -128. Let z(g) = -3*g - 45. Determine z(s).
3
Let z(a) = 15*a - 350 + 185 + 117. Give z(6).
42
Let c(f) = 7*f**2 - 6*f + 2. Let k(s) = 3*s**2 - 3*s. Let q(m) = 2*c(m) - 5*k(m). Let o be (-1 - 2)*((-40)/(-6))/(-5). Give q(o).
0
Let q(f) = 3*f - 18. Suppose 15*s = 172 + 23. Determine q(s).
21
Suppose 0 = 3*h - 290 + 248. Suppose -2*q - 4*y + 28 = 0, 21*y - 24*y = -2*q + h. Let i(j) = -j**2 + 12*j + 13. Give i(q).
33
Let l be 5/(3 + 36/(-27)). Let c(i) = 2*i. Determine c(l).
6
Let h(o) = 23*o - 54. Suppose w - 3*w + 226 = 111*w. Calculate h(w).
-8
Let w = -14 + 20. Suppose -2*a - 2*y + 24 = -5*y, 2*a = 5*y + 32. Let q(j) = -1 + 4 - 17*j + a + 15*j. What is q(w)?
-3
Let t(a) = -8*a - 214. Let m be t(-27). Let q(n) = -9 + 0 - 141*n + 140*n - m. Determine q(-9).
-2
Let p(f) = -1 + 0*f + 0 + 3*f + 3*f - 5*f. Let g = 9 - 12. Determine p(g).
-4
Let h(f) be the second derivative of 5*f**3/6 + 28*f**2 + 3226*f. Calculate h(-11).
1
Suppose 0 = -7*g - 31*g - 20634. Let a = g - -545. Let i(x) = 5*x**2 - 3*x. What is i(a)?
14
Suppose 68*m + 1424 = 68*m + 178*m. Let p(t) = -t**3 + 8*t**2 - 3*t + 27. What